{"id":15517,"date":"2022-07-01T12:11:26","date_gmt":"2022-07-01T10:11:26","guid":{"rendered":"https:\/\/franciszkanie.pl\/ordenar\/"},"modified":"2025-05-02T19:12:55","modified_gmt":"2025-05-02T17:12:55","slug":"ordenar","status":"publish","type":"page","link":"https:\/\/franciszkanie.pl\/es\/ordenar\/","title":{"rendered":"orden"},"content":{"rendered":"","protected":false},"excerpt":{"rendered":"","protected":false},"author":14,"featured_media":0,"parent":0,"menu_order":0,"comment_status":"closed","ping_status":"closed","template":"page-templates\/bracia.php","meta":{"footnotes":""},"class_list":["post-15517","page","type-page","status-publish","hentry"],"yoast_head":"<!-- This site is optimized with the Yoast SEO Premium plugin v24.4 (Yoast SEO v24.4) - https:\/\/yoast.com\/wordpress\/plugins\/seo\/ -->\n<title>orden - franciszkanie.pl<\/title>\n<meta name=\"description\" content=\"Conozca la Orden de los Frailes Menores Conventuales, una comunidad de franciscanos unidos durante siglos por la oraci\u00f3n, la fraternidad y el servicio a los dem\u00e1s, realizando los ideales de San Francisco de As\u00eds.\" \/>\n<meta name=\"robots\" content=\"index, follow, max-snippet:-1, max-image-preview:large, max-video-preview:-1\" \/>\n<link rel=\"canonical\" href=\"https:\/\/franciszkanie.pl\/zakon\/\" \/>\n<meta property=\"og:locale\" content=\"es_ES\" \/>\n<meta property=\"og:type\" content=\"article\" \/>\n<meta property=\"og:title\" content=\"orden\" \/>\n<meta property=\"og:description\" content=\"Conozca la Orden de los Frailes Menores Conventuales, una comunidad de franciscanos unidos durante siglos por la oraci\u00f3n, la fraternidad y el servicio a los dem\u00e1s, realizando los ideales de San Francisco de As\u00eds.\" \/>\n<meta property=\"og:url\" content=\"https:\/\/franciszkanie.pl\/zakon\/\" \/>\n<meta property=\"og:site_name\" content=\"franciszkanie\" \/>\n<meta property=\"article:publisher\" content=\"https:\/\/www.facebook.com\/franciszkaniekrakow\/\" \/>\n<meta property=\"article:modified_time\" content=\"2025-05-02T17:12:55+00:00\" \/>\n<meta name=\"twitter:card\" content=\"summary_large_image\" \/>\n<script type=\"application\/ld+json\" class=\"yoast-schema-graph\">{\"@context\":\"https:\/\/schema.org\",\"@graph\":[{\"@type\":\"WebPage\",\"@id\":\"https:\/\/franciszkanie.pl\/zakon\/\",\"url\":\"https:\/\/franciszkanie.pl\/zakon\/\",\"name\":\"orden - franciszkanie.pl\",\"isPartOf\":{\"@id\":\"https:\/\/franciszkanie.pl\/#website\"},\"datePublished\":\"2022-07-01T10:11:26+00:00\",\"dateModified\":\"2025-05-02T17:12:55+00:00\",\"description\":\"Conozca la Orden de los Frailes Menores Conventuales, una comunidad de franciscanos unidos durante siglos por la oraci\u00f3n, la fraternidad y el servicio a los dem\u00e1s, realizando los ideales de San Francisco de As\u00eds.\",\"breadcrumb\":{\"@id\":\"https:\/\/franciszkanie.pl\/zakon\/#breadcrumb\"},\"inLanguage\":\"es\",\"potentialAction\":[{\"@type\":\"ReadAction\",\"target\":[\"https:\/\/franciszkanie.pl\/zakon\/\"]}]},{\"@type\":\"BreadcrumbList\",\"@id\":\"https:\/\/franciszkanie.pl\/zakon\/#breadcrumb\",\"itemListElement\":[{\"@type\":\"ListItem\",\"position\":1,\"name\":\"Strona g\u0142\u00f3wna\",\"item\":\"https:\/\/franciszkanie.pl\/\"},{\"@type\":\"ListItem\",\"position\":2,\"name\":\"orden\"}]},{\"@type\":\"WebSite\",\"@id\":\"https:\/\/franciszkanie.pl\/#website\",\"url\":\"https:\/\/franciszkanie.pl\/\",\"name\":\"franciszkanie.pl\",\"description\":\"prowincja krakowska\",\"potentialAction\":[{\"@type\":\"SearchAction\",\"target\":{\"@type\":\"EntryPoint\",\"urlTemplate\":\"https:\/\/franciszkanie.pl\/?s={search_term_string}\"},\"query-input\":{\"@type\":\"PropertyValueSpecification\",\"valueRequired\":true,\"valueName\":\"search_term_string\"}}],\"inLanguage\":\"es\"}]}<\/script>\n<!-- \/ Yoast SEO Premium plugin. -->","yoast_head_json":{"title":"orden - franciszkanie.pl","description":"Conozca la Orden de los Frailes Menores Conventuales, una comunidad de franciscanos unidos durante siglos por la oraci\u00f3n, la fraternidad y el servicio a los dem\u00e1s, realizando los ideales de San Francisco de As\u00eds.","robots":{"index":"index","follow":"follow","max-snippet":"max-snippet:-1","max-image-preview":"max-image-preview:large","max-video-preview":"max-video-preview:-1"},"canonical":"https:\/\/franciszkanie.pl\/zakon\/","og_locale":"es_ES","og_type":"article","og_title":"orden","og_description":"Conozca la Orden de los Frailes Menores Conventuales, una comunidad de franciscanos unidos durante siglos por la oraci\u00f3n, la fraternidad y el servicio a los dem\u00e1s, realizando los ideales de San Francisco de As\u00eds.","og_url":"https:\/\/franciszkanie.pl\/zakon\/","og_site_name":"franciszkanie","article_publisher":"https:\/\/www.facebook.com\/franciszkaniekrakow\/","article_modified_time":"2025-05-02T17:12:55+00:00","twitter_card":"summary_large_image","schema":{"@context":"https:\/\/schema.org","@graph":[{"@type":"WebPage","@id":"https:\/\/franciszkanie.pl\/zakon\/","url":"https:\/\/franciszkanie.pl\/zakon\/","name":"orden - franciszkanie.pl","isPartOf":{"@id":"https:\/\/franciszkanie.pl\/#website"},"datePublished":"2022-07-01T10:11:26+00:00","dateModified":"2025-05-02T17:12:55+00:00","description":"Conozca la Orden de los Frailes Menores Conventuales, una comunidad de franciscanos unidos durante siglos por la oraci\u00f3n, la fraternidad y el servicio a los dem\u00e1s, realizando los ideales de San Francisco de As\u00eds.","breadcrumb":{"@id":"https:\/\/franciszkanie.pl\/zakon\/#breadcrumb"},"inLanguage":"es","potentialAction":[{"@type":"ReadAction","target":["https:\/\/franciszkanie.pl\/zakon\/"]}]},{"@type":"BreadcrumbList","@id":"https:\/\/franciszkanie.pl\/zakon\/#breadcrumb","itemListElement":[{"@type":"ListItem","position":1,"name":"Strona g\u0142\u00f3wna","item":"https:\/\/franciszkanie.pl\/"},{"@type":"ListItem","position":2,"name":"orden"}]},{"@type":"WebSite","@id":"https:\/\/franciszkanie.pl\/#website","url":"https:\/\/franciszkanie.pl\/","name":"franciszkanie.pl","description":"prowincja krakowska","potentialAction":[{"@type":"SearchAction","target":{"@type":"EntryPoint","urlTemplate":"https:\/\/franciszkanie.pl\/?s={search_term_string}"},"query-input":{"@type":"PropertyValueSpecification","valueRequired":true,"valueName":"search_term_string"}}],"inLanguage":"es"}]}},"acf":[],"_links":{"self":[{"href":"https:\/\/franciszkanie.pl\/es\/wp-json\/wp\/v2\/pages\/15517","targetHints":{"allow":["GET"]}}],"collection":[{"href":"https:\/\/franciszkanie.pl\/es\/wp-json\/wp\/v2\/pages"}],"about":[{"href":"https:\/\/franciszkanie.pl\/es\/wp-json\/wp\/v2\/types\/page"}],"author":[{"embeddable":true,"href":"https:\/\/franciszkanie.pl\/es\/wp-json\/wp\/v2\/users\/14"}],"replies":[{"embeddable":true,"href":"https:\/\/franciszkanie.pl\/es\/wp-json\/wp\/v2\/comments?post=15517"}],"version-history":[{"count":1,"href":"https:\/\/franciszkanie.pl\/es\/wp-json\/wp\/v2\/pages\/15517\/revisions"}],"predecessor-version":[{"id":15522,"href":"https:\/\/franciszkanie.pl\/es\/wp-json\/wp\/v2\/pages\/15517\/revisions\/15522"}],"wp:attachment":[{"href":"https:\/\/franciszkanie.pl\/es\/wp-json\/wp\/v2\/media?parent=15517"}],"curies":[{"name":"wp","href":"https:\/\/api.w.org\/{rel}","templated":true}]}}

<!-- This site is optimized with the Yoast SEO Premium plugin v24.4 (Yoast SEO v24.4) - https://yoast.com/wordpress/plugins/seo/ -->
<title>orden - franciszkanie.pl</title>
<meta name="description" content="Conozca la Orden de los Frailes Menores Conventuales, una comunidad de franciscanos unidos durante siglos por la oración, la fraternidad y el servicio a los demás, realizando los ideales de San Francisco de Asís." />
<meta name="robots" content="index, follow, max-snippet:-1, max-image-preview:large, max-video-preview:-1" />
<link rel="canonical" href="https://franciszkanie.pl/zakon/" />
<meta property="og:locale" content="es_ES" />
<meta property="og:type" content="article" />
<meta property="og:title" content="orden" />
<meta property="og:description" content="Conozca la Orden de los Frailes Menores Conventuales, una comunidad de franciscanos unidos durante siglos por la oración, la fraternidad y el servicio a los demás, realizando los ideales de San Francisco de Asís." />
<meta property="og:url" content="https://franciszkanie.pl/zakon/" />
<meta property="og:site_name" content="franciszkanie" />
<meta property="article:publisher" content="https://www.facebook.com/franciszkaniekrakow/" />
<meta property="article:modified_time" content="2025-05-02T17:12:55+00:00" />
<meta name="twitter:card" content="summary_large_image" />
<script type="application/ld+json" class="yoast-schema-graph">{"@context":"https://schema.org","@graph":[{"@type":"WebPage","@id":"https://franciszkanie.pl/zakon/","url":"https://franciszkanie.pl/zakon/","name":"orden - franciszkanie.pl","isPartOf":{"@id":"https://franciszkanie.pl/#website"},"datePublished":"2022-07-01T10:11:26+00:00","dateModified":"2025-05-02T17:12:55+00:00","description":"Conozca la Orden de los Frailes Menores Conventuales, una comunidad de franciscanos unidos durante siglos por la oración, la fraternidad y el servicio a los demás, realizando los ideales de San Francisco de Asís.","breadcrumb":{"@id":"https://franciszkanie.pl/zakon/#breadcrumb"},"inLanguage":"es","potentialAction":[{"@type":"ReadAction","target":["https://franciszkanie.pl/zakon/"]}]},{"@type":"BreadcrumbList","@id":"https://franciszkanie.pl/zakon/#breadcrumb","itemListElement":[{"@type":"ListItem","position":1,"name":"Strona główna","item":"https://franciszkanie.pl/"},{"@type":"ListItem","position":2,"name":"orden"}]},{"@type":"WebSite","@id":"https://franciszkanie.pl/#website","url":"https://franciszkanie.pl/","name":"franciszkanie.pl","description":"prowincja krakowska","potentialAction":[{"@type":"SearchAction","target":{"@type":"EntryPoint","urlTemplate":"https://franciszkanie.pl/?s={search_term_string}"},"query-input":{"@type":"PropertyValueSpecification","valueRequired":true,"valueName":"search_term_string"}}],"inLanguage":"es"}]}</script>
<!-- / Yoast SEO Premium plugin. -->

Conozca la Orden de los Frailes Menores Conventuales, una comunidad de franciscanos unidos durante siglos por la oración, la fraternidad y el servicio a los demás, realizando los ideales de San Francisco de Asís.

Strona główna
